5) in base 3?
22
What is 23 (base 7) in base 6?
25
Convert -256 (base 11) to base 15.
-153
Convert -3 (base 6) to base 14.
-3
-15 (base 16) to base 10
-21
3 (base 6) to base 3
10
Convert -26 (base 8) to base 13.
-19
Convert 45 (base 7) to base 9.
36
-241 (base 5) to base 13
-56
What is -1210 (base 4) in base 2?
-1100100
Convert 5c (base 15) to base 6.
223
What is 6 (base 14) in base 4?
12
What is -67 (base 9) in base 6?
-141
What is -41 (base 11) in base 9?
-50
-3 (base 8) to base 7
-3
Convert 4 (base 8) to base 6.
4
What is 0 (base 10) in base 6?
0
-8 (base 15) to base 2
-1000
Convert -331 (base 4) to base 15.
-41
What is -22 (base 3) in base 6?
-12
Convert -1132 (base 4) to base 8.
-136
What is -27 (base 8) in base 7?
-32
What is 21 (base 5) in base 7?
14
What is -44 (base 6) in base 16?
-1c
What is -11 (base 8) in base 6?
-13
Convert 5 (base 15) to base 2.
101
Convert 3 (base 16) to base 5.
3
What is 1 (base 10) in base 14?
1
5 (base 12) to base 3
12
Convert 1 (base 13) to base 12.
1
What is 11 (base 2) in base 10?
3
Convert a (base 15) to base 2.
1010
27 (base 11) to base 16
1d
45 (base 12) to base 7
104
Convert 346 (base 7) to base 9.
221
-23 (base 9) to base 2
-10101
What is -10 (base 9) in base 13?
-9
What is 22 (base 5) in base 10?
12
Convert 12 (base 11) to base 8.
15
11 (base 4) to base 12
5
Convert 46 (base 8) to base 12.
32
What is 10011011 (base 2) in base 4?
2123
Convert -11 (base 15) to base 10.
-16
183 (base 12) to base 7
465
Convert 1 (base 7) to base 12.
1
Convert -15 (base 6) to base 10.
-11
-a9 (base 16) to base 11
-144
Convert 0 (base 15) to base 14.
0
What is -30 (base 5) in base 3?
-120
What is 36 (base 7) in base 3?
1000
What is -157 (base 10) in base 14?
-b3
-27 (base 15) to base 13
-2b
Convert -1011 (base 3) to base 12.
-27
Convert 16 (base 7) to base 13.
10
What is 1 (base 9) in base 10?
1
What is -16 (base 11) in base 7?
-23
What is 11001100 (base 2) in base 12?
150
Convert 162 (base 8) to base 3.
11020
Convert -2 (base 12) to base 3.
-2
-10 (base 7) to base 9
-7
1000010 (base 2) to base 5
231
Convert 2 (base 6) to base 4.
2
What is e5 (base 15) in base 2?
11010111
Convert -2 (base 11) to base 15.
-2
Convert 2101 (base 3) to base 13.
4c
-68 (base 10) to base 6
-152
What is 131 (base 6) in base 8?
67
Convert -42 (base 7) to base 6.
-50
3 (base 14) to base 12
3
26 (base 12) to base 14
22
Convert 79 (base 13) to base 6.
244
Convert -1123 (base 4) to base 8.
-133
122 (base 9) to base 2
1100101
Convert -6 (base 16) to base 8.
-6
Convert -5 (base 7) to base 10.
-5
What is -464 (base 8) in base 10?
-308
Convert 11 (base 13) to base 4.
32
What is -11 (base 2) in base 12?
-3
What is 15 (base 12) in base 15?
12
Convert -3 (base 8) to base 5.
-3
-4 (base 15) to base 10
-4
Convert 1a (base 11) to base 14.
17
What is -1 (base 4) in base 7?
-1
-10 (base 13) to base 8
-15
What is 0 (base 5) in base 9?
0
Convert 233 (base 6) to base 5.
333
Convert 2 (base 12) to base 3.
2
Convert -2333 (base 4) to base 14.
-d9
What is 82 (base 13) in base 10?
106
What is -b (base 12) in base 7?
-14
What is -36 (base 7) in base 12?
-23
Convert 25 (base 8) to base 5.
41
-3 (base 4) to base 2
-11
-110111 (base 2) to base 3
-2001
What is -2 (base 4) in base 3?
-2
Convert 1 (base 7) to base 12.
1
Convert 63 (base 10) to base 7.
120
What is 5 (base 14) in base 8?
5
What is 1 (base 7) in base 6?
1
-10 (base 15) to base 11
-14
Convert -11111 (base 3) to base 7.
-232
Convert 111 (base 2) to base 7.
10
-1 (base 13) to base 11
-1
-3 (base 12) to base 13
-3
Convert -72 (base 14) to base 3.
-10201
19 (base 13) to base 8
26
122 (base 3) to base 2
10001
Convert -2 (base 10) to base 16.
-2
Convert -1100 (base 4) to base 7.
-143
1013 (base 5) to base 2
10000101
Convert -39 (base 10) to base 13.
-30
Convert 240 (base 6) to base 8.
140
Convert 4 (base 12) to base 15.
4
What is -2 (base 15) in base 8?
-2
-34 (base 5) to base 4
-103
What is -1101 (base 3) in base 5?
-122
What is -144 (base 9) in base 14?
-89
27 (base 13) to base 10
33
-41 (base 7) to base 12
-25
-11 (base 7) to base 5
-13
-74 (base 8) to base 13
-48
210 (base 5) to base 15
3a
0 (base 4) to base 14
0
What is 101 (base 3) in base 10?
10
Convert 105 (base 13) to base 7.
336
What is 0 (base 16) in base 10?
0
Convert 2 (base 7) to base 2.
10
Convert -2 (base 9) to base 7.
-2
-10 (base 5) to base 15
-5
Convert 113 (base 6) to base 2.
101101
-336 (base 7) to base 6
-450
What is 4 (base 5) in base 2?
100
-4 (base 11) to base 8
-4
Convert -4 (base 10) to base 9.
-4
Convert -1 (base 2) to base 4.
-1
Convert -165 (base 8) to base 15.
-7c
11 (base 8) to base 15
9
6 (base 16) to base 5
11
Convert 1 (base 7) to base 14.
1
4 (base 9) to base 3
11
What is -2333 (base 4) in base 16?
-bf
What is -12 (base 4) in base 3?
-20
What is -42 (base 12) in base 14?
-38
0 (base 13) to base 3
0
Convert b (base 14) to base 16.
b
7 (base 12) to base 6
11
2040 (base 5) to base 15
130
Convert 27 (base 16) to base 4.
213
What is 35 (base 16) in base 10?
53
-51 (base 11) to base 13
-44
-c (base 14) to base 16
-c
Convert -14 (base 12) to base 4.
-100
What is -100110 (base 2) in base 4?
-212
What is -12 (base 5) in base 14?
-7
-25 (base 8) to base 6
-33
What is 44 (base 14) in base 11?
55
Convert -13 (base 9) to base 7.
-15
Convert 100 (base 2) to base 7.
4
Convert -122 (base 15) to base 2.
-100000001
What is -37 (base 13) in base 16?
-2e
Convert -2121 (base 3) to base 11.
-64
-b (base 14) to base 3
-102
What is -1 (base 6) in base 2?
-1
Convert -12 (base 6) to base 3.
-22
-335 (base 8) to base 11
-191
-47 (base 9) to base 2
-101011
Convert 1101011 (base 2) to base 10.
107
Convert -1012 (base 3) to base 11.
-2a
0 (base 7) to base 9
0
-18 (base 15) to base 6
-35
1021 (base 3) to base 15
24
What is -73 (base 11) in base 12?
-68
-21 (base 4) to base 2
-1001
110 (base 2) to base 16
6
What is -28 (base 12) in base 14?
-24
-3 (base 11) to base 6
-3
What is 11 (base 3) in base 16?
4
Convert 0 (base 11) to base 5.
0
What is 0 (base 11) in base 14?
0
What is -6 (base 12) in base 7?
-6
Convert 30 (base 11) to base 10.
33
Convert -2 (base 13) to base 9.
-2
What is 2 (base 8) in base 6?
2
-14 (base 7) to base 11
-10
Convert 103 (base 6) to base 15.
29
2 (base 6) to base 13
2
4 (base 16) to base 14
4
10 (base 10) to base 14
a
15 (base 7) to base 11
11
Convert 101 (base 5) to base 15.
1b
What is 167 (base 9) in base 14?
a2
What is 555 (base 6) in base 11?
186
1111 (base 2) to base 7
21
What is -45 (base 7) in base 11?
-30
b (base 15) to base 10
11
Convert 21 (base 5) to base 8.
13
1 (base 12) to base 10
1
6 (base 16) to base 8
6
What is -5 (base 12) in base 14?
-5
ab (base 14) to base 2
10010111
-308 (base 10) to base 5
-2213
Convert 7 (base 14) to base 6.
11
186 (base 11) to base 13
137
What is -3 (base 12) in base 11?
-3
Convert 20 (base 4) to base 3.
22
Convert -102221 (base 3) to base 10.
-322
142 (base 9) to base 12
9b
What is 10101111 (base 2) in base 16?
af
What is 2013 (base 5) in base 8?
402
14 (base 5) to base 10
9
What is 47 (base 10) in base 11?
43
What is 1 (base 16) in base 14?
1
What is 100 (base 5) in base 8?
31
4 (base 12) to base 13
4
-6 (base 11) to base 5
-11
Convert -6b (base 13) to base 7.
-155
What is 69 (base 16) in base 3?
10220
Convert -22 (base 4) to base 11.
-a
Convert 11 (base 14) to base 7.
21
What is 19 (base 12) in base 15?
16
4 (base 14) to base 12
4
10 (base 2) to base 8
2
8 (base 14) to base 13
8
26 (base 16) to base 3
1102
-20 (base 11) to base 7
-31
Convert a5 (base 13) to base 4.
2013
What is a (base 11) in base 3?
101
What is 5 (base 15) in base 14?
5
What is 3 (base 16) in base 9?
3
-3 (base 13) to base 6
-3
ae (base 16) to base 13
105
Convert -2 (base 11) to base 4.
-2
3 (base 16) to base 12
3
Convert 1210 (base 5) to base 3.
20200
-27 (base 10) to base 9
-30
Convert -7 (base 12) to base 3.
-21
-3b (base 16) to base 8
-73
What is -6 (base 16) in base 14?
-6
Convert 1003 (base 4) to base 6.
151
0 (base 2) to base 11
0
16 (base 7) to base 9
14
-221 (base 4) to base 5
-131
Convert 45 (base 9) to base 2.
101001
3 (base 16) to base 12
3
-21 (base 7) to base 10
-15
2 (base 10) to base 12
2
19 (base 14) to base 11
21
Convert -1001010 (base 2) to base 10.
-74
What is 4 (base 11) in base 3?
11
b (base 14) to base 2
